mon factor of 5093200 and 2033.
107
Calculate the highest common factor of 12236 and 414428.
532
Calculate the highest common divisor of 24761 and 79521077.
2251
Calculate the greatest common divisor of 5632560 and 496.
16
What is the highest common divisor of 47196 and 4633416?
2052
What is the highest common factor of 22116 and 30936?
12
Calculate the highest common factor of 10816102 and 11478.
3826
What is the greatest common divisor of 99330 and 45540?
330
Calculate the greatest common divisor of 138 and 8313.
3
Calculate the greatest common factor of 439449 and 63237.
321
What is the greatest common factor of 174456 and 4842?
18
What is the greatest common divisor of 14427798 and 224?
14
Calculate the greatest common factor of 289530 and 666.
18
What is the highest common divisor of 3214 and 80570159?
1607
What is the highest common factor of 10147096 and 238?
34
What is the highest common divisor of 40919 and 60756?
83
What is the highest common factor of 1343 and 2720?
17
Calculate the greatest common divisor of 3636126 and 159.
3
Calculate the greatest common divisor of 445925808 and 18.
18
What is the highest common divisor of 68208 and 353568?
1392
Calculate the highest common divisor of 31049 and 2379.
61
Calculate the greatest common divisor of 783024823 and 1498.
749
What is the greatest common factor of 4880 and 1991345?
305
Calculate the greatest common divisor of 1939140 and 54.
54
What is the greatest common factor of 431242 and 148?
2
Calculate the highest common factor of 972 and 55033668.
972
What is the highest common divisor of 6762686 and 539?
49
Calculate the greatest common factor of 155118 and 582069.
753
Calculate the highest common factor of 16493330 and 10640.
1330
Calculate the greatest common divisor of 1960 and 2304536640.
1960
Calculate the greatest common divisor of 198594883 and 1985.
397
Calculate the highest common divisor of 1223110 and 73528.
1414
Calculate the highest common factor of 228 and 170825238.
114
What is the greatest common factor of 3575 and 983710?
65
What is the greatest common divisor of 75 and 91851350?
25
Calculate the greatest common divisor of 45 and 2776485.
15
What is the greatest common divisor of 429 and 1268707?
11
What is the greatest common factor of 24298494 and 726?
726
What is the highest common factor of 725610 and 797715?
285
What is the greatest common divisor of 56356295 and 155?
155
Calculate the highest common divisor of 709445 and 17105.
55
Calculate the greatest common divisor of 85686 and 44.
2
Calculate the greatest common factor of 199836 and 417606.
2562
Calculate the highest common factor of 25980 and 671583.
1299
Calculate the highest common divisor of 2314532 and 220.
44
Calculate the greatest common factor of 288 and 32884512.
96
What is the highest common factor of 294813 and 34929881?
10919
Calculate the greatest common factor of 168387 and 21423.
111
Calculate the highest common factor of 151663028 and 88.
44
What is the highest common factor of 511204 and 166618?
454
What is the highest common factor of 297762146 and 22?
22
Calculate the highest common factor of 58 and 91877858.
58
Calculate the greatest common factor of 1040 and 112920860.
260
Calculate the highest common divisor of 13 and 45429514.
13
Calculate the greatest common divisor of 1057330195 and 691.
691
Calculate the highest common factor of 16911760 and 28910.
590
Calculate the greatest common divisor of 1039955 and 1935.
215
What is the greatest common factor of 9 and 522447?
3
What is the greatest common divisor of 604920 and 14200?
2840
What is the highest common divisor of 3924525 and 2640?
165
Calculate the highest common divisor of 34765173 and 108.
27
Calculate the highest common divisor of 3429 and 94905.
27
What is the highest common divisor of 1061034 and 9613539?
2379
What is the highest common factor of 3091 and 87571?
11
Calculate the highest common factor of 1752 and 73700216.
584
Calculate the greatest common factor of 1071126 and 882.
126
What is the greatest common factor of 604954 and 1050?
14
What is the highest common divisor of 39992950 and 50?
50
What is the highest common factor of 10 and 4381645?
5
Calculate the highest common divisor of 22247228 and 1668.
556
What is the highest common factor of 4999990 and 20?
10
What is the highest common divisor of 85402107 and 7?
7
Calculate the greatest common divisor of 23334255 and 15.
15
Calculate the highest common divisor of 56865746 and 142.
142
Calculate the greatest common divisor of 54819 and 12.
3
What is the highest common divisor of 143 and 307471879?
143
Calculate the greatest common factor of 259005810 and 210.
210
What is the highest common divisor of 235 and 222298015?
235
What is the highest common divisor of 57 and 134404005?
57
What is the greatest common divisor of 99 and 10296549?
9
Calculate the greatest common factor of 11800 and 75883558.
118
What is the highest common factor of 132 and 6117738?
66
What is the highest common factor of 7774 and 6525514?
46
Calculate the highest common divisor of 70441 and 122003.
203
Calculate the greatest common divisor of 2952 and 3143224.
328
Calculate the highest common divisor of 2765851 and 7282.
11
What is the highest common divisor of 27 and 1049850693?
27
Calculate the greatest common divisor of 60 and 1862620.
20
Calculate the greatest common divisor of 517 and 92826833.
517
What is the greatest common divisor of 6358 and 121682?
22
What is the highest common factor of 30810 and 393090?
30
Calculate the highest common factor of 904938 and 437946.
282
Calculate the highest common factor of 1496 and 1795222.
22
What is the highest common factor of 2667 and 82044921?
2667
What is the highest common factor of 16800 and 105195300?
2100
Calculate the highest common factor of 256827 and 3425811.
4353
Calculate the highest common factor of 4765592 and 728.
104
Calculate the greatest common factor of 6871020 and 12639.
1149
What is the highest common factor of 10 and 3070310?
10
Calculate the greatest common divisor of 17 and 907468449.
17
Calculate the greatest common factor of 904197190 and 2665.
2665
What is the greatest common divisor of 15852520 and 5?
5
Calculate the greatest common factor of 562461 and 216838.
599
What is the highest common factor of 768 and 10385792?
128
Calculate the greatest common divisor of 988515 and 15976.
1997
Calculate the greatest common factor of 135 and 313650.
45
What is the greatest common divisor of 87 and 442314003?
87
Calculate the highest common divisor of 408824663 and 19682.
9841
Calculate the highest common factor of 708840 and 2690.
10
Calculate the highest common divisor of 4545009 and 4389.
399
Calculate the highest common divisor of 98001 and 9.
9
Calculate the greatest common divisor of 539 and 91442.
1
What is the greatest common factor of 102208 and 242?
2
Calculate the greatest common factor of 7305 and 1055329.
487
Calculate the greatest common divisor of 18005288 and 28.
28
Calculate the highest common factor of 2649 and 203798166.
2649
Calculate the highest common divisor of 232544 and 218698.
86
Calculate the greatest common divisor of 495 and 111804264.
99
What is the greatest common factor of 18 and 7238786?
2
What is the greatest common factor of 143468 and 1038986?
2314
Calculate the greatest common divisor of 615169 and 3018.
503
What is the greatest common factor of 3107 and 2302526?
239
What is the greatest common divisor of 379327 and 33007?
13
What is the greatest common divisor of 366 and 51016344?
6
What is the greatest common factor of 21509672 and 19?
19
Calculate the greatest common divisor of 33 and 17565361.
11
Calculate the greatest common divisor of 118219728 and 2838.
2838
Calculate the highest common divisor of 240 and 9026440.
40
What is the highest common divisor of 189175059 and 632?
79
What is the greatest common divisor of 73990626 and 6?
6
Calculate the highest common divisor of 656 and 590360.
8
Calculate the greatest common factor of 36280 and 2264060.
20
What is the highest common factor of 95432 and 12382?
302
Calculate the greatest common factor of 336 and 7684464.
48
Calculate the highest common divisor of 36595 and 104195.
65
What is the highest common factor of 38 and 10485236